er when 100 is divided by l(-3)?
30
Let l = 918 - 898. What is the remainder when 194 is divided by l?
14
Let f(u) = -2*u**3 + 2*u - 5. Calculate the remainder when 125 is divided by f(-3).
39
Suppose -34*q + 560 + 1140 = 0. What is the remainder when 143 is divided by q?
43
Suppose 0 = -3*l + 8*l - 30. What is the remainder when (34/(-6))/((l - 1)/(-45)) is divided by 18?
15
Let c(z) = -9*z - 3*z**2 + 10 - 4*z**2 - 1 + z**3. Let v be c(8). Calculate the remainder when 6 is divided by (-2 + 1 - v)/(-1).
0
Let c be (-54)/8 + (-12)/(-16). Let b(n) = n**2 + 3*n + 8. Let a be b(c). Suppose -x + 19 + a = 0. Calculate the remainder when x is divided by 12.
9
Suppose 4*x - 6*x + 129 = 5*p, 0 = -2*p - 5*x + 39. Suppose -4*t = 1 + 3, -2*t = -3*z + 17. What is the remainder when p is divided by z?
2
Let x = 1620 - 1585. What is the remainder when 111 is divided by x?
6
Suppose 83*u + 2508 = 116*u. Calculate the remainder when u is divided by (2 - (-1 + 3)) + 26.
24
Suppose -245 = 61*n - 68*n. Calculate the remainder when n is divided by 16.
3
Let g = 4 + 65. Let f = -22 - -31. Calculate the remainder when g is divided by f.
6
Suppose -4*d - 60 = 40. Let b = 35 + d. What is the remainder when (-314)/(-8) + (-8)/32 is divided by b?
9
Suppose -c + 10 = 1. Let o(h) = -h**3 - 4*h**2 - h + 8. Let m be o(-3). Suppose 6 = m*k + y, -4 = 2*y + 4. Calculate the remainder when c is divided by k.
4
Let t be (-15 - 2)/((-1)/2). Calculate the remainder when 4 - t/(0 + -2) is divided by 12.
9
Let k be 16*1/(-8)*-4. Let q = k + 6. Let i = -5 + q. What is the remainder when 15 is divided by i?
6
Calculate the remainder when 75 is divided by (-4)/((-12)/51) - (-5 - -3).
18
Let b(a) = -a**3 - 12*a**2 - 16*a - 24. Suppose -413 = -5*z + 47. Calculate the remainder when z is divided by b(-11).
30
Suppose -t = -38 - 94. Suppose 3*m = -0*m + t. Calculate the remainder when m is divided by 8.
4
Suppose c = -2*q + 31, 0 = q + 3*c - 4*c - 20. What is the remainder when q is divided by 13?
4
Suppose 3*q = -0*d - 2*d + 21, -4*d = -12. Let j(y) = y**3 - 7*y**2 + y + 2. Calculate the remainder when j(7) is divided by q.
4
Let w = -443 + 466. What is the remainder when 137 is divided by w?
22
Let q(o) = -o**2 + 7*o - 7. Suppose -y = 4*y - 15. Calculate the remainder when 17 is divided by q(y).
2
Suppose 5*z + 79 = g, 3*z - 3*g + 10 + 47 = 0. Let h be (9/z)/(2/(-10)). What is the remainder when h + 41 - (-1 - -1) is divided by 12?
8
Let k(s) = s**3 - s**2 - 12*s - 7. What is the remainder when k(6) is divided by 85?
16
Suppose -2*j + 2*u + 110 = 0, -11*j - 5*u = -15*j + 225. What is the remainder when 98 is divided by j?
48
Suppose 41*g + 9*g = 5750. Calculate the remainder when g is divided by 9.
7
Let f = 56 + -60. Let b = f - -51. Calculate the remainder when b is divided by 19.
9
Let g(z) = z**3 + 4*z**2 + 2*z - 2. Calculate the remainder when g(3) is divided by 35.
32
Let x(u) = -u**3 - 10*u**2 - 4*u - 35. Calculate the remainder when x(-13) is divided by 66.
62
Suppose -30 - 65 = -5*y. What is the remainder when 2 + 0 + (1 - -52) is divided by y?
17
Let n = 5 + -5. Let w be (3 - (n + 1))*1. Suppose -w*d = -j - 6*d + 72, 0 = -2*j + 5*d + 79. What is the remainder when j is divided by 27?
25
Suppose -93*y = 3*b - 97*y - 64, 0 = 5*b + 4*y - 160. Suppose -3*v = -v - 158. Calculate the remainder when v is divided by b.
23
Let h(x) = -3*x - 9. Let v be h(-10). Suppose -5*p - v = -k + 28, -5*k - 2*p + 299 = 0. What is the remainder when k is divided by 12?
11
Suppose -v - 4*x = -48, -x + 199 = 3*v + 66. What is the remainder when 212 is divided by v?
36
Let a(s) = s**3 - 13*s**2 + 16*s + 5. Suppose 3*t + 0*j - 4 = -j, t = -5*j + 6. What is the remainder when a(12) is divided by 1/t + (-52)/(-2)?
26
Let t(c) = c + 8. Let o = 9 + 1. What is the remainder when 70 is divided by t(o)?
16
Let i(g) = 2*g**2 + 4*g + 23. Calculate the remainder when 37 is divided by i(0).
14
Suppose -w + 0*w + 161 = n, 3*w - 515 = 5*n. Suppose -2*t = t - w. What is the remainder when 4/(-10) - (-297)/t is divided by 2?
1
Let x = 50 + -35. Let u = -87 - -197. Calculate the remainder when 30 is divided by 12/8*u/x.
8
Let l = 120 + -71. What is the remainder when l is divided by 13?
10
Let m(f) = 5*f**2 - f + 1. Let z(a) = a**2 + 2*a - 4. Let q be z(2). Calculate the remainder when m(q) is divided by 16.
13
Suppose 3*p + 3*p = 0. Suppose p = 12*m - 6*m - 24. Suppose 0 = 4*j - c - 105, -m*c + 2*c = -6. What is the remainder when 133 is divided by j?
25
Let p(g) = -10*g + 190. What is the remainder when p(10) is divided by 13?
12
Let j = -12 + 17. Let y = 26 + j. Calculate the remainder when y is divided by 4/2 - (-3 - 3).
7
Let m = -712 + 731. What is the remainder when 165 is divided by m?
13
Suppose -10*n - 138 = -33*n. What is the remainder when 88 is divided by n?
4
Suppose 417 = 3*l + 3*t, -5*l + 3*t - 150 = -837. What is the remainder when l is divided by 25?
13
Suppose 3*w - 250 = 191. Let p = w - 103. Let r = p - -23. What is the remainder when r is divided by 17?
16
What is the remainder when (-18)/2 + (6 + -8 - -79) is divided by (37 + 1)*2/4?
11
Suppose -10*i + 109 = -161. Calculate the remainder when 48 is divided by i.
21
Let r = 446 + -236. Suppose r = 3*u - 33. What is the remainder when u is divided by 21?
18
Let p(a) = 2*a**3 + 29*a**2 + 12*a + 31. Let x be p(-14). Let o = 116 - x. What is the remainder when o is divided by 21?
15
Let t = 137 - 112. Calculate the remainder when 199 is divided by t.
24
Let w = 1 + 9. What is the remainder when w is divided by 6?
4
Suppose -4 = 4*o, 0 = 3*q - 0*o - 2*o + 10. What is the remainder when 2/((16/(-126))/(-4)) is divided by q/(-22) + 1566/99?
15
Let k(c) = -c - 2. Let d be k(-2). Let w(p) = -p**2 + 38. What is the remainder when w(d) is divided by (-1)/((-2)/(-2)) + 14?
12
Let i = -34 + 39. Suppose -c - 2*h = 2*h + i, -h = 3*c - 18. What is the remainder when 18 is divided by c?
4
Let m = -99 + 113. Calculate the remainder when 209 is divided by m.
13
Suppose 0*v + 104 = 4*v. What is the remainder when 56 is divided by v?
4
Let u(f) = f**2 + f - 4. Let w be u(-4). Let q = w + 34. Suppose -q = -2*t - t. What is the remainder when 41 is divided by t?
13
Suppose 4*t = 9*t - 175. Suppose 0 = -6*o + 7*o - t. Let p = 32 - 14. What is the remainder when o is divided by p?
17
Let g be 3 + 4 + -4 - 1. Suppose -2*l + 284 = g*l. What is the remainder when l is divided by 12?
11
Let d = 73 - 32. Suppose -2*w = -3*x + 6*x - 25, -x + 9 = w. Calculate the remainder when d is divided by x.
6
Suppose 0 = -7*z + 905 + 96. Calculate the remainder when z is divided by 9.
8
Suppose -30 + 28 = -n. Suppose -m - 3*a = -8 - 16, -n*a = -m + 14. Calculate the remainder when 45 is divided by m.
9
Let v(z) = z - 6. Let t be v(4). Let k = t + 3. Calculate the remainder when (k + -3)/((-2)/59) is divided by 15.
14
Let u(v) = -v**3 - v**2 - 2. Let b be u(0). What is the remainder when 54 is divided by 3*(25/3 + b)?
16
Let w(f) = -4*f + 38. Let q be w(-11). Let p = q + -57. Calculate the remainder when p is divided by 6.
1
Suppose 0 = -19*u - 9*u + 2660. Calculate the remainder when u is divided by 8.
7
Suppose 0 = 14*q - 12*q - 156. What is the remainder when q is divided by 16?
14
Let a = -437 + 444. Suppose v = 5*v - 48. What is the remainder when v is divided by a?
5
Let s = -118 - -327. What is the remainder when s is divided by 14?
13
Let p(o) = -14*o**2 - 11*o - 21. Let z be p(-5). Let u = -197 - z. What is the remainder when u is divided by 41?
37
Suppose 85*c = 86*c - 60. What is the remainder when c is divided by 7?
4
Let b(n) = n - 5. Let h be b(5). Suppose h = -x - 5, 0*k - 4*x + 13 = k. Let f = k + -14. Calculate the remainder when f is divided by 4.
3
Let q(d) = -607*d - 5412. What is the remainder when q(-9) is divided by (0 - 0) + 11 + 2?
12
Suppose 0 = -2*r + 7*r - 3*z - 133, 2*r + 5*z = 16. Suppose -m + 11 = -55. Calculate the remainder when m is divided by r.
20
Let j(r) = 2*r**2 - 3*r + 1. Let a be j(2). Suppose -a*b = -4*b + 7. Calculate the remainder when 4 + (-108)/(-6) - 2 is divided by b.
6
Suppose 637 = 7*x + 539. What is the remainder when 669 is divided by x?
11
Let n be ((-12)/(-5))/((-22)/(-55)). Suppose 0 = 5*y - n*y + 21. Calculate the remainder when y 